 6678 is divided by 101.
12
Calculate the remainder when 34333 is divided by 9.
7
What is the remainder when 40893 is divided by 46?
45
What is the remainder when 8834 is divided by 2176?
130
Calculate the remainder when 3993027 is divided by 1286.
1283
What is the remainder when 33321 is divided by 2?
1
What is the remainder when 948 is divided by 8?
4
What is the remainder when 47693 is divided by 4320?
173
Calculate the remainder when 690 is divided by 332.
26
What is the remainder when 789070 is divided by 16?
14
Calculate the remainder when 2745649 is divided by 91.
88
Calculate the remainder when 128573 is divided by 14.
11
What is the remainder when 8852 is divided by 402?
8
Calculate the remainder when 1395 is divided by 66.
9
Calculate the remainder when 152750 is divided by 3250.
0
What is the remainder when 508895 is divided by 38?
37
What is the remainder when 138346 is divided by 183?
181
Calculate the remainder when 83165 is divided by 20784.
29
What is the remainder when 46473 is divided by 15489?
6
Calculate the remainder when 77465 is divided by 38730.
5
Calculate the remainder when 224248 is divided by 250.
248
Calculate the remainder when 70057 is divided by 1208.
1201
What is the remainder when 9606 is divided by 2268?
534
What is the remainder when 127509 is divided by 79?
3
Calculate the remainder when 30492 is divided by 30408.
84
Calculate the remainder when 1246129 is divided by 145.
144
Calculate the remainder when 183415 is divided by 313.
310
What is the remainder when 63361 is divided by 728?
25
Calculate the remainder when 4869 is divided by 1176.
165
What is the remainder when 926431 is divided by 42110?
11
Calculate the remainder when 11664 is divided by 97.
24
Calculate the remainder when 5970 is divided by 149.
10
What is the remainder when 193725 is divided by 12?
9
What is the remainder when 11557 is divided by 119?
14
What is the remainder when 15594 is divided by 97?
74
Calculate the remainder when 3214 is divided by 123.
16
What is the remainder when 1214 is divided by 947?
267
What is the remainder when 64848 is divided by 136?
112
Calculate the remainder when 4059 is divided by 339.
330
Calculate the remainder when 12446 is divided by 1475.
646
Calculate the remainder when 25242 is divided by 1328.
10
Calculate the remainder when 762 is divided by 413.
349
Calculate the remainder when 250207 is divided by 250204.
3
What is the remainder when 24260 is divided by 267?
230
What is the remainder when 373458 is divided by 18?
12
Calculate the remainder when 44923 is divided by 55.
43
Calculate the remainder when 3570 is divided by 102.
0
What is the remainder when 245339 is divided by 81736?
131
What is the remainder when 18306 is divided by 1839?
1755
Calculate the remainder when 287559 is divided by 428.
371
What is the remainder when 2272268 is divided by 143?
141
Calculate the remainder when 97239 is divided by 77.
65
What is the remainder when 52358 is divided by 8?
6
What is the remainder when 56196 is divided by 8020?
56
What is the remainder when 34804 is divided by 1235?
224
What is the remainder when 38830 is divided by 147?
22
Calculate the remainder when 5965 is divided by 1150.
215
What is the remainder when 144482 is divided by 43?
2
Calculate the remainder when 678 is divided by 667.
11
Calculate the remainder when 38774 is divided by 12909.
47
What is the remainder when 20838 is divided by 922?
554
Calculate the remainder when 80427 is divided by 299.
295
What is the remainder when 34067 is divided by 55?
22
What is the remainder when 5502 is divided by 610?
12
What is the remainder when 47182 is divided by 12?
10
Calculate the remainder when 14248 is divided by 26.
0
Calculate the remainder when 5740 is divided by 26.
20
What is the remainder when 4110 is divided by 15?
0
Calculate the remainder when 183203 is divided by 63.
62
Calculate the remainder when 55198 is divided by 50.
48
What is the remainder when 97737 is divided by 1098?
15
Calculate the remainder when 30261 is divided by 9966.
363
What is the remainder when 2908 is divided by 678?
196
What is the remainder when 10684 is divided by 5206?
272
What is the remainder when 218963 is divided by 248?
227
Calculate the remainder when 13564 is divided by 483.
40
Calculate the remainder when 442913 is divided by 110718.
41
Calculate the remainder when 16288 is divided by 164.
52
Calculate the remainder when 4011 is divided by 46.
9
What is the remainder when 879434 is divided by 172?
170
Calculate the remainder when 11381 is divided by 23.
19
Calculate the remainder when 15764 is divided by 156.
8
Calculate the remainder when 2234011 is divided by 3196.
7
Calculate the remainder when 293754 is divided by 1718.
1694
Calculate the remainder when 4248 is divided by 33.
24
What is the remainder when 895 is divided by 323?
249
What is the remainder when 31883 is divided by 34?
25
Calculate the remainder when 108158 is divided by 1591.
1561
What is the remainder when 4844 is divided by 12?
8
Calculate the remainder when 5127 is divided by 183.
3
Calculate the remainder when 62899 is divided by 29.
27
What is the remainder when 663 is divided by 324?
15
Calculate the remainder when 4697 is divided by 275.
22
What is the remainder when 236360 is divided by 127?
13
What is the remainder when 2583 is divided by 1256?
71
Calculate the remainder when 103456 is divided by 34484.
4
What is the remainder when 899590 is divided by 24?
22
What is the remainder when 10410 is divided by 152?
74
Calculate the remainder when 981 is divided by 351.
279
Calculate the remainder when 24079 is divided by 105.
34
Calculate the remainder when 485726 is divided by 33.
32
Calculate the remainder when 383 is divided by 47.
7
Calculate the remainder when 8038 is divided by 931.
590
Calculate the remainder when 331989 is divided by 47.
28
Calculate the remainder when 175940 is divided by 113.
112
What is the remainder when 122313 is divided by 23?
22
What is the remainder when 31103 is divided by 15514?
75
Calculate the remainder when 26286 is divided by 1191.
84
Calculate the remainder when 23596 is divided by 118.
114
What is the remainder when 35411 is divided by 52?
51
What is the remainder when 76095 is divided by 38044?
7
What is the remainder when 53401 is divided by 19?
11
What is the remainder when 361257 is divided by 148?
137
What is the remainder when 358 is divided by 44?
6
Calculate the remainder when 1345567 is divided by 14.
13
What is the remainder when 2336 is divided by 167?
165
What is the remainder when 7204 is divided by 475?
79
What is the remainder when 4241 is divided by 706?
5
Calculate the remainder when 1207 is divided by 131.
28
Calculate the remainder when 107698 is divided by 20.
18
Calculate the remainder when 4533 is divided by 1260.
753
Calculate the remainder when 13974 is divided by 2329.
0
Calculate the remainder when 2072 is divided by 364.
252
Calculate the remainder when 17008 is divided by 5660.
28
What is the remainder when 19983 is divided by 18?
3
What is the remainder when 64756 is divided by 187?
54
What is the remainder when 11259 is divided by 2794?
83
Calculate the remainder when 35655 is divided by 126.
123
What is the remainder when 1812 is divided by 180?
12
Calculate the remainder when 31289 is divided by 73.
45
Calculate the remainder when 4578 is divided by 4471.
107
Calculate the remainder when 29050 is divided by 150.
100
What is the remainder when 75623 is divided by 982?
9
Calculate the remainder when 13645 is divided by 13642.
3
Calculate the remainder when 124462 is divided by 41484.
10
Calculate the remainder when 5237 is divided by 744.
29
What is the remainder when 21500 is divided by 280?
220
What is the remainder when 1306 is divided by 738?
568
Calculate the remainder when 138333 is divided by 2610.
3
What is the remainder when 6949 is divided by 51?
13
What is the remainder when 4788 is divided by 136?
28
What is the remainder when 72844 is divided by 37?
28
Calculate the remainder when 389602 is divided by 4.
2
Calculate the remainder when 38318 is divided by 7652.
58
What is the remainder when 14229 is divided by 185?
169
Calculate the remainder when 211 is divided by 15.
1
Calculate the remainde